 factor of 705192 and 48?
24
Calculate the greatest common divisor of 1776 and 272394.
222
What is the greatest common factor of 1953 and 24955?
217
What is the greatest common divisor of 56934 and 18?
18
Calculate the greatest common divisor of 9215 and 2816104.
1843
Calculate the highest common divisor of 84658 and 14.
14
What is the highest common divisor of 1221 and 577644?
111
What is the highest common factor of 20 and 166220?
20
What is the highest common divisor of 1841 and 58649?
263
What is the greatest common divisor of 11170 and 230?
10
Calculate the greatest common factor of 3570 and 236130.
510
Calculate the highest common factor of 81014 and 9.
1
Calculate the highest common factor of 52629 and 46671.
993
What is the highest common factor of 4875 and 1053?
39
What is the greatest common divisor of 99 and 48576?
33
Calculate the greatest common divisor of 321900 and 9.
3
Calculate the greatest common factor of 41805 and 180.
45
Calculate the greatest common factor of 215 and 356255.
215
Calculate the highest common factor of 9096 and 2952.
24
Calculate the highest common factor of 665 and 60130.
35
What is the highest common divisor of 84005 and 265?
265
Calculate the highest common factor of 133852 and 5668.
436
What is the greatest common divisor of 2 and 17654?
2
Calculate the highest common divisor of 1416 and 225984.
24
What is the highest common divisor of 14900 and 500?
100
What is the highest common divisor of 12350 and 182?
26
What is the highest common divisor of 450016 and 2352?
784
Calculate the highest common factor of 152 and 31730.
38
What is the highest common divisor of 54043 and 77?
11
Calculate the highest common factor of 4905 and 2955.
15
What is the greatest common divisor of 89082 and 245?
49
What is the greatest common factor of 30618 and 7533?
243
Calculate the greatest common factor of 10153 and 28045.
71
What is the greatest common divisor of 714587 and 46?
23
Calculate the highest common divisor of 83930 and 35.
35
Calculate the greatest common factor of 451348 and 636.
212
Calculate the highest common divisor of 87840 and 2016.
288
Calculate the highest common factor of 7677 and 522.
9
Calculate the greatest common factor of 98370 and 144.
18
Calculate the greatest common factor of 1912865 and 3820.
955
Calculate the highest common divisor of 109 and 2492612.
109
Calculate the highest common factor of 4885932 and 47.
47
What is the greatest common factor of 91032 and 408?
24
What is the greatest common divisor of 6812 and 1092?
52
What is the highest common factor of 7196 and 16?
4
What is the greatest common divisor of 3 and 62943?
3
What is the highest common factor of 3 and 3789921?
3
What is the greatest common divisor of 4043 and 58461?
13
What is the greatest common factor of 319 and 164329?
11
What is the highest common factor of 178920 and 19530?
630
What is the highest common divisor of 440 and 9830920?
440
What is the greatest common factor of 9 and 2637?
9
What is the greatest common divisor of 73 and 1201?
1
What is the highest common factor of 15569712 and 16?
16
What is the greatest common divisor of 112 and 22694?
14
Calculate the greatest common divisor of 515636 and 12.
4
Calculate the greatest common divisor of 977010 and 29.
29
What is the highest common factor of 1040 and 6127160?
520
What is the greatest common divisor of 135 and 24678?
27
Calculate the highest common factor of 1072 and 53399.
67
Calculate the highest common divisor of 316198 and 53.
53
Calculate the highest common divisor of 331 and 48657.
331
Calculate the highest common divisor of 45400 and 360.
40
What is the highest common divisor of 332 and 793148?
332
Calculate the highest common factor of 810 and 9390.
30
What is the greatest common factor of 4032 and 32382?
126
Calculate the highest common divisor of 2301 and 12493.
13
Calculate the greatest common divisor of 516 and 1806.
258
Calculate the greatest common factor of 94 and 7538753.
47
Calculate the greatest common divisor of 285 and 561.
3
Calculate the greatest common factor of 3798 and 676466.
422
Calculate the greatest common factor of 155406 and 708.
354
What is the highest common factor of 1390 and 149425?
695
What is the greatest common divisor of 95 and 1190027?
19
Calculate the highest common divisor of 8817 and 16.
1
Calculate the greatest common divisor of 3300 and 418.
22
What is the greatest common divisor of 9280 and 9744?
464
What is the greatest common factor of 1068 and 1124?
4
Calculate the greatest common factor of 6799104 and 144.
144
What is the highest common factor of 437 and 3230?
19
What is the highest common factor of 306 and 53822?
34
What is the highest common divisor of 5709518 and 31?
31
Calculate the greatest common factor of 88 and 128392.
88
What is the highest common divisor of 127253 and 1325?
53
Calculate the greatest common factor of 1157319 and 9.
9
What is the highest common factor of 3350 and 1358425?
1675
What is the greatest common factor of 408 and 5552?
8
Calculate the highest common divisor of 567820 and 1160.
580
Calculate the greatest common factor of 662326 and 14.
14
What is the greatest common divisor of 344114 and 5423?
493
What is the greatest common factor of 61984 and 1584?
16
Calculate the highest common divisor of 44 and 65758.
22
What is the highest common divisor of 36674 and 44?
22
What is the greatest common factor of 108550 and 325?
325
What is the highest common factor of 928666 and 212?
106
What is the highest common divisor of 1305594 and 54?
18
Calculate the highest common factor of 131842 and 10.
2
Calculate the greatest common factor of 58302 and 36162.
738
What is the highest common factor of 60 and 99732?
12
What is the greatest common factor of 32 and 895232?
32
Calculate the greatest common divisor of 604 and 217289.
151
Calculate the greatest common divisor of 1043499 and 57.
57
Calculate the greatest common divisor of 89756 and 228.
76
Calculate the highest common factor of 30914 and 68614.
754
What is the highest common factor of 108 and 35316?
108
Calculate the greatest common divisor of 154 and 13846.
14
Calculate the greatest common factor of 193 and 241057.
193
What is the greatest common divisor of 625812 and 1210?
242
Calculate the greatest common divisor of 565653 and 4697.
671
What is the greatest common factor of 1348160 and 280?
40
What is the highest common factor of 339 and 161703?
339
What is the greatest common factor of 142010 and 25?
5
Calculate the greatest common divisor of 242 and 46101.
121
What is the highest common divisor of 2109 and 1036?
37
What is the highest common factor of 18816 and 325752?
1176
What is the highest common divisor of 1310276 and 352?
44
What is the highest common factor of 7330 and 198643?
733
Calculate the highest common factor of 264286 and 22.
22
Calculate the greatest common divisor of 144270 and 1260.
630
What is the highest common divisor of 18 and 2158767?
9
Calculate the highest common divisor of 3948 and 5460.
84
Calculate the highest common divisor of 520 and 12233.
13
Calculate the greatest common factor of 756 and 360.
36
Calculate the greatest common factor of 143756 and 664.
332
What is the greatest common factor of 392 and 1939448?
56
Calculate the greatest common factor of 64 and 54848.
64
Calculate the greatest common factor of 10 and 94945.
5
Calculate the highest common divisor of 633 and 5275.
211
Calculate the greatest common divisor of 204669 and 9.
9
Calculate the highest common divisor of 550 and 337975.
275
Calculate the highest common divisor of 7719 and 2158.
83
Calculate the highest common factor of 1165322 and 548.
274
What is the highest common divisor of 4416 and 96416?
736
Calculate the greatest common factor of 747437 and 111.
37
What is the greatest common divisor of 318096 and 144?
144
What is the highest common factor of 532 and 1016?
4
Calculate the greatest common factor of 536 and 99964.
268
What is the highest common factor of 36481 and 2?
1
What is the greatest common factor of 20475 and 85449?
273
Calculate the greatest common divisor of 44 and 2835844.
44
Calculate the greatest common divisor of 51223 and 362.
181
Calculate the highest common divisor of 232 and 1816.
8
Calculate the greatest 